{"id":642,"date":"2022-08-07T14:32:43","date_gmt":"2022-08-07T14:32:43","guid":{"rendered":"https:\/\/www.v-art.fr\/?post_type=product&#038;p=642"},"modified":"2026-01-27T22:48:52","modified_gmt":"2026-01-27T22:48:52","slug":"main","status":"publish","type":"product","link":"https:\/\/www.v-art.fr\/?product=main","title":{"rendered":"\u2740 Le Phare"},"content":{"rendered":"<figure id=\"attachment_2765\" aria-describedby=\"caption-attachment-2765\" style=\"width: 2560px\" class=\"wp-caption alignnone\"><img loading=\"lazy\" decoding=\"async\" class=\"wp-image-2765 size-full\" src=\"https:\/\/www.v-art.fr\/wp-content\/uploads\/2022\/08\/Phare-scaled.jpg\" alt=\"\" width=\"2560\" height=\"1920\" srcset=\"https:\/\/www.v-art.fr\/wp-content\/uploads\/2022\/08\/Phare-scaled.jpg 2560w, https:\/\/www.v-art.fr\/wp-content\/uploads\/2022\/08\/Phare-scaled-800x600.jpg 800w, https:\/\/www.v-art.fr\/wp-content\/uploads\/2022\/08\/Phare-300x225.jpg 300w, https:\/\/www.v-art.fr\/wp-content\/uploads\/2022\/08\/Phare-1024x768.jpg 1024w, https:\/\/www.v-art.fr\/wp-content\/uploads\/2022\/08\/Phare-768x576.jpg 768w, https:\/\/www.v-art.fr\/wp-content\/uploads\/2022\/08\/Phare-1536x1152.jpg 1536w, https:\/\/www.v-art.fr\/wp-content\/uploads\/2022\/08\/Phare-2048x1536.jpg 2048w, https:\/\/www.v-art.fr\/wp-content\/uploads\/2022\/08\/Phare-80x60.jpg 80w, https:\/\/www.v-art.fr\/wp-content\/uploads\/2022\/08\/Phare-120x90.jpg 120w\" sizes=\"auto, (max-width: 2560px) 100vw, 2560px\" \/><figcaption id=\"caption-attachment-2765\" class=\"wp-caption-text\">Illustration couleur r\u00e9alis\u00e9e pour le Conseil D\u00e9partemental du Morbihan (56) dans le cadre du projet \u00ab Nouvelles Noires \u00bb \u00e9crites par des coll\u00e9giens du m\u00eame d\u00e9partement. Dessin qui rend \u00e9galement hommage au personnage de Pierrick Le P. grand syndicaliste &amp; soignant devant l\u2019\u00e9ternel.<\/figcaption><\/figure>\n<p style=\"text-align: left;\">\n","protected":false},"excerpt":{"rendered":"<p>Illustration couleur r\u00e9alis\u00e9e pour le Conseil D\u00e9partemental du Morbihan (56) dans le cadre du projet \u00ab Nouvelles Noires \u00bb \u00e9crites par des coll\u00e9giens du m\u00eame d\u00e9partement. Image qui rend \u00e9galement hommage au personnage de Pierrick Le P. grand syndicaliste &amp; soignant devant l\u2019\u00e9ternel.<\/p>\n<p>Format 10\/15 cm. Impression recto\/verso en quadrichromie (couleur) sur papier couch\u00e9 Mat sup\u00e9rieur 350 g\/m\u00b2. Imprim\u00e9 en France avec du papier issu de for\u00eats g\u00e9r\u00e9es durablement (FSC, PEFC).<\/p>\n<h4 style=\"text-align: center;\"><a href=\"https:\/\/www.v-art.fr\/?page_id=1117\">\u2740 RETOUR CARTASHOP<\/a><\/h4>\n","protected":false},"featured_media":2765,"comment_status":"closed","ping_status":"closed","template":"","meta":{"_uf_show_specific_survey":0,"_uf_disable_surveys":false,"jetpack_post_was_ever_published":true},"product_brand":[],"product_cat":[22],"product_tag":[93,103,104],"class_list":{"0":"post-642","1":"product","2":"type-product","3":"status-publish","4":"has-post-thumbnail","6":"product_cat-cartes-postales","7":"product_tag-carte-postale","8":"product_tag-le-phare","9":"product_tag-v","10":"product_shipping_class-ls","12":"first","13":"instock","14":"featured","15":"shipping-taxable","16":"purchasable","17":"product-type-simple"},"jetpack_sharing_enabled":true,"_links":{"self":[{"href":"https:\/\/www.v-art.fr\/index.php?rest_route=\/wp\/v2\/product\/642","targetHints":{"allow":["GET"]}}],"collection":[{"href":"https:\/\/www.v-art.fr\/index.php?rest_route=\/wp\/v2\/product"}],"about":[{"href":"https:\/\/www.v-art.fr\/index.php?rest_route=\/wp\/v2\/types\/product"}],"replies":[{"embeddable":true,"href":"https:\/\/www.v-art.fr\/index.php?rest_route=%2Fwp%2Fv2%2Fcomments&post=642"}],"wp:featuredmedia":[{"embeddable":true,"href":"https:\/\/www.v-art.fr\/index.php?rest_route=\/wp\/v2\/media\/2765"}],"wp:attachment":[{"href":"https:\/\/www.v-art.fr\/index.php?rest_route=%2Fwp%2Fv2%2Fmedia&parent=642"}],"wp:term":[{"taxonomy":"product_brand","embeddable":true,"href":"https:\/\/www.v-art.fr\/index.php?rest_route=%2Fwp%2Fv2%2Fproduct_brand&post=642"},{"taxonomy":"product_cat","embeddable":true,"href":"https:\/\/www.v-art.fr\/index.php?rest_route=%2Fwp%2Fv2%2Fproduct_cat&post=642"},{"taxonomy":"product_tag","embeddable":true,"href":"https:\/\/www.v-art.fr\/index.php?rest_route=%2Fwp%2Fv2%2Fproduct_tag&post=642"}],"curies":[{"name":"wp","href":"https:\/\/api.w.org\/{rel}","templated":true}]}}

<figure id="attachment_2765" aria-describedby="caption-attachment-2765" style="width: 2560px" class="wp-caption alignnone"><img loading="lazy" decoding="async" class="wp-image-2765 size-full" src="https://www.v-art.fr/wp-content/uploads/2022/08/Phare-scaled.jpg" alt="" width="2560" height="1920" srcset="https://www.v-art.fr/wp-content/uploads/2022/08/Phare-scaled.jpg 2560w, https://www.v-art.fr/wp-content/uploads/2022/08/Phare-scaled-800x600.jpg 800w, https://www.v-art.fr/wp-content/uploads/2022/08/Phare-300x225.jpg 300w, https://www.v-art.fr/wp-content/uploads/2022/08/Phare-1024x768.jpg 1024w, https://www.v-art.fr/wp-content/uploads/2022/08/Phare-768x576.jpg 768w, https://www.v-art.fr/wp-content/uploads/2022/08/Phare-1536x1152.jpg 1536w, https://www.v-art.fr/wp-content/uploads/2022/08/Phare-2048x1536.jpg 2048w, https://www.v-art.fr/wp-content/uploads/2022/08/Phare-80x60.jpg 80w, https://www.v-art.fr/wp-content/uploads/2022/08/Phare-120x90.jpg 120w" sizes="auto, (max-width: 2560px) 100vw, 2560px" /><figcaption id="caption-attachment-2765" class="wp-caption-text">Illustration couleur réalisée pour le Conseil Départemental du Morbihan (56) dans le cadre du projet « Nouvelles Noires » écrites par des collégiens du même département. Dessin qui rend également hommage au personnage de Pierrick Le P. grand syndicaliste &amp; soignant devant l’éternel.</figcaption></figure>
<p style="text-align: left;">

<p>Illustration couleur réalisée pour le Conseil Départemental du Morbihan (56) dans le cadre du projet « Nouvelles Noires » écrites par des collégiens du même département. Image qui rend également hommage au personnage de Pierrick Le P. grand syndicaliste &amp; soignant devant l’éternel.</p>
<p>Format 10/15 cm. Impression recto/verso en quadrichromie (couleur) sur papier couché Mat supérieur 350 g/m². Imprimé en France avec du papier issu de forêts gérées durablement (FSC, PEFC).</p>
<h4 style="text-align: center;"><a href="https://www.v-art.fr/?page_id=1117">❀ RETOUR CARTASHOP</a></h4>
