{"id":3208,"date":"2025-01-08T13:20:30","date_gmt":"2025-01-08T13:20:30","guid":{"rendered":"https:\/\/www.v-art.fr\/?post_type=product&#038;p=3208"},"modified":"2026-01-27T22:45:56","modified_gmt":"2026-01-27T22:45:56","slug":"superman","status":"publish","type":"product","link":"https:\/\/www.v-art.fr\/?product=superman","title":{"rendered":"\u2740 Superman des temps modernes"},"content":{"rendered":"<figure id=\"attachment_3209\" aria-describedby=\"caption-attachment-3209\" style=\"width: 2560px\" class=\"wp-caption alignnone\"><img loading=\"lazy\" decoding=\"async\" class=\"wp-image-3209 size-full\" src=\"https:\/\/www.v-art.fr\/wp-content\/uploads\/2024\/10\/IMG_20230111_124201-scaled.jpg\" alt=\"\" width=\"2560\" height=\"1920\" srcset=\"https:\/\/www.v-art.fr\/wp-content\/uploads\/2024\/10\/IMG_20230111_124201-scaled.jpg 2560w, https:\/\/www.v-art.fr\/wp-content\/uploads\/2024\/10\/IMG_20230111_124201-scaled-800x600.jpg 800w, https:\/\/www.v-art.fr\/wp-content\/uploads\/2024\/10\/IMG_20230111_124201-300x225.jpg 300w, https:\/\/www.v-art.fr\/wp-content\/uploads\/2024\/10\/IMG_20230111_124201-1024x768.jpg 1024w, https:\/\/www.v-art.fr\/wp-content\/uploads\/2024\/10\/IMG_20230111_124201-768x576.jpg 768w, https:\/\/www.v-art.fr\/wp-content\/uploads\/2024\/10\/IMG_20230111_124201-1536x1152.jpg 1536w, https:\/\/www.v-art.fr\/wp-content\/uploads\/2024\/10\/IMG_20230111_124201-2048x1536.jpg 2048w\" sizes=\"auto, (max-width: 2560px) 100vw, 2560px\" \/><figcaption id=\"caption-attachment-3209\" class=\"wp-caption-text\">Ce dessin est inspir\u00e9 d&rsquo;une histoire que j&rsquo;ai v\u00e9cue. J&rsquo;\u00e9tais, avec mon ex, dans un supermarch\u00e9 du sud-ouest. L\u00e0, j&rsquo;ai vu cet homme charg\u00e9 dans tous les sens du terme en train de t\u00e9l\u00e9phoner \u00e0 sa femme (en tout cas, c&rsquo;est ce que j&rsquo;imaginais sur le moment). J&rsquo;\u00e9tais compl\u00e8tement \u00e9bahie: \u00ab\u00a0Ho, mais regarde ce mec incroyable, quelle image rare haha!!\u00a0\u00bb. Mon homme de l&rsquo;\u00e9poque, qui voulait juste prendre ses bi\u00e8res, m&rsquo;avait alors demand\u00e9 de presser le pas en m&rsquo;accompagnant d&rsquo;un \u00ab\u00a0tu me casses les c&#8230;&#8230;.!\u00a0\u00bb.<\/figcaption><\/figure>\n","protected":false},"excerpt":{"rendered":"<p>Ce dessin est inspir\u00e9 d&rsquo;une histoire vraie. J&rsquo;\u00e9tais avec mon ex, dans un supermarch\u00e9 du sud-ouest. L\u00e0, j&rsquo;ai vu cet homme charg\u00e9 dans tous les sens du terme en train de t\u00e9l\u00e9phoner \u00e0 sa femme (en tout cas, c&rsquo;est ce que j&rsquo;imaginais sur le moment). J&rsquo;\u00e9tais compl\u00e8tement \u00e9bahie: \u00ab\u00a0Ho, mais regarde ce mec incroyable, quelle image rare haha!!\u00a0\u00bb. Mon homme de l&rsquo;\u00e9poque, qui voulait juste prendre ses bi\u00e8res, m&rsquo;avait alors demand\u00e9 de presser le pas en m&rsquo;accompagnant d&rsquo;un \u00ab\u00a0tu me casses les c&#8230;&#8230;.!\u00a0\u00bb. En rentrant chez moi, j&rsquo;ai fait ce dessin sous l\u2019\u0153il avis\u00e9 de sa m\u00e8re, et c&rsquo;\u00e9tait dr\u00f4le !<\/p>\n<p>Format 10\/15 cm. Impression recto\/verso en quadrichromie (couleur) sur papier couch\u00e9 Mat sup\u00e9rieur 350 g\/m\u00b2. Imprim\u00e9 en France sur du papier issu de for\u00eats g\u00e9r\u00e9es durablement (FSC, PEFC). Diffusion Cartaroolotte par V\u2740.<\/p>\n<p style=\"text-align: center;\"><a href=\"https:\/\/www.v-art.fr\/?page_id=1117\">\u2740 RETOUR CARTASHOP<\/a><\/p>\n<p style=\"text-align: center;\">\n<p>&nbsp;<\/p>\n<p>&nbsp;<\/p>\n<p>&nbsp;<\/p>\n","protected":false},"featured_media":3209,"comment_status":"open","ping_status":"closed","template":"","meta":{"_uf_show_specific_survey":0,"_uf_disable_surveys":false,"jetpack_post_was_ever_published":true},"product_brand":[],"product_cat":[22],"product_tag":[93,92,114,104],"class_list":{"0":"post-3208","1":"product","2":"type-product","3":"status-publish","4":"has-post-thumbnail","6":"product_cat-cartes-postales","7":"product_tag-carte-postale","8":"product_tag-dessin-dhumour","9":"product_tag-usine","10":"product_tag-v","11":"product_shipping_class-ls","13":"first","14":"instock","15":"featured","16":"shipping-taxable","17":"purchasable","18":"product-type-simple"},"jetpack_sharing_enabled":true,"_links":{"self":[{"href":"https:\/\/www.v-art.fr\/index.php?rest_route=\/wp\/v2\/product\/3208","targetHints":{"allow":["GET"]}}],"collection":[{"href":"https:\/\/www.v-art.fr\/index.php?rest_route=\/wp\/v2\/product"}],"about":[{"href":"https:\/\/www.v-art.fr\/index.php?rest_route=\/wp\/v2\/types\/product"}],"replies":[{"embeddable":true,"href":"https:\/\/www.v-art.fr\/index.php?rest_route=%2Fwp%2Fv2%2Fcomments&post=3208"}],"wp:featuredmedia":[{"embeddable":true,"href":"https:\/\/www.v-art.fr\/index.php?rest_route=\/wp\/v2\/media\/3209"}],"wp:attachment":[{"href":"https:\/\/www.v-art.fr\/index.php?rest_route=%2Fwp%2Fv2%2Fmedia&parent=3208"}],"wp:term":[{"taxonomy":"product_brand","embeddable":true,"href":"https:\/\/www.v-art.fr\/index.php?rest_route=%2Fwp%2Fv2%2Fproduct_brand&post=3208"},{"taxonomy":"product_cat","embeddable":true,"href":"https:\/\/www.v-art.fr\/index.php?rest_route=%2Fwp%2Fv2%2Fproduct_cat&post=3208"},{"taxonomy":"product_tag","embeddable":true,"href":"https:\/\/www.v-art.fr\/index.php?rest_route=%2Fwp%2Fv2%2Fproduct_tag&post=3208"}],"curies":[{"name":"wp","href":"https:\/\/api.w.org\/{rel}","templated":true}]}}