{"id":3115,"date":"2025-01-08T13:20:32","date_gmt":"2025-01-08T13:20:32","guid":{"rendered":"https:\/\/www.v-art.fr\/?post_type=product&#038;p=3115"},"modified":"2026-01-27T22:45:55","modified_gmt":"2026-01-27T22:45:55","slug":"le-phare-copie","status":"publish","type":"product","link":"https:\/\/www.v-art.fr\/?product=le-phare-copie","title":{"rendered":"\u2740 Soignants pas mendiants"},"content":{"rendered":"<figure id=\"attachment_2803\" aria-describedby=\"caption-attachment-2803\" style=\"width: 2000px\" class=\"wp-caption alignnone\"><img loading=\"lazy\" decoding=\"async\" class=\"wp-image-2803 size-full\" src=\"https:\/\/www.v-art.fr\/wp-content\/uploads\/2024\/01\/Soignants_CP_V\u2740.jpg\" alt=\"\" width=\"2000\" height=\"1476\" srcset=\"https:\/\/www.v-art.fr\/wp-content\/uploads\/2024\/01\/Soignants_CP_V\u2740.jpg 2000w, https:\/\/www.v-art.fr\/wp-content\/uploads\/2024\/01\/Soignants_CP_V\u2740-800x590.jpg 800w, https:\/\/www.v-art.fr\/wp-content\/uploads\/2024\/01\/Soignants_CP_V\u2740-300x221.jpg 300w, https:\/\/www.v-art.fr\/wp-content\/uploads\/2024\/01\/Soignants_CP_V\u2740-1024x756.jpg 1024w, https:\/\/www.v-art.fr\/wp-content\/uploads\/2024\/01\/Soignants_CP_V\u2740-768x567.jpg 768w, https:\/\/www.v-art.fr\/wp-content\/uploads\/2024\/01\/Soignants_CP_V\u2740-1536x1134.jpg 1536w, https:\/\/www.v-art.fr\/wp-content\/uploads\/2024\/01\/Soignants_CP_V\u2740-81x60.jpg 81w, https:\/\/www.v-art.fr\/wp-content\/uploads\/2024\/01\/Soignants_CP_V\u2740-122x90.jpg 122w\" sizes=\"auto, (max-width: 2000px) 100vw, 2000px\" \/><figcaption id=\"caption-attachment-2803\" class=\"wp-caption-text\">Dessin pour Pierrick LP et Florence B. Collection priv\u00e9e.<\/figcaption><\/figure>\n<p style=\"text-align: left;\">\n","protected":false},"excerpt":{"rendered":"<p>Dessin pour Pierrick LP et Florence B. Collection priv\u00e9e. Format 10\/15 cm. Impression recto\/verso en quadrichromie (couleur) sur papier couch\u00e9 Mat sup\u00e9rieur 350 g\/m\u00b2. Imprim\u00e9 en France avec du papier issu de for\u00eats g\u00e9r\u00e9es durablement (FSC, PEFC).<\/p>\n<h4 style=\"text-align: center;\"><a href=\"https:\/\/www.v-art.fr\/?page_id=1117\">\u2740 RETOUR CARTASHOP<\/a><\/h4>\n","protected":false},"featured_media":2803,"comment_status":"open","ping_status":"closed","template":"","meta":{"_uf_show_specific_survey":0,"_uf_disable_surveys":false,"jetpack_post_was_ever_published":true},"product_brand":[],"product_cat":[22],"product_tag":[93,103,104],"class_list":{"0":"post-3115","1":"product","2":"type-product","3":"status-publish","4":"has-post-thumbnail","6":"product_cat-cartes-postales","7":"product_tag-carte-postale","8":"product_tag-le-phare","9":"product_tag-v","10":"product_shipping_class-ls","12":"first","13":"instock","14":"featured","15":"shipping-taxable","16":"purchasable","17":"product-type-simple"},"jetpack_sharing_enabled":true,"_links":{"self":[{"href":"https:\/\/www.v-art.fr\/index.php?rest_route=\/wp\/v2\/product\/3115","targetHints":{"allow":["GET"]}}],"collection":[{"href":"https:\/\/www.v-art.fr\/index.php?rest_route=\/wp\/v2\/product"}],"about":[{"href":"https:\/\/www.v-art.fr\/index.php?rest_route=\/wp\/v2\/types\/product"}],"replies":[{"embeddable":true,"href":"https:\/\/www.v-art.fr\/index.php?rest_route=%2Fwp%2Fv2%2Fcomments&post=3115"}],"wp:featuredmedia":[{"embeddable":true,"href":"https:\/\/www.v-art.fr\/index.php?rest_route=\/wp\/v2\/media\/2803"}],"wp:attachment":[{"href":"https:\/\/www.v-art.fr\/index.php?rest_route=%2Fwp%2Fv2%2Fmedia&parent=3115"}],"wp:term":[{"taxonomy":"product_brand","embeddable":true,"href":"https:\/\/www.v-art.fr\/index.php?rest_route=%2Fwp%2Fv2%2Fproduct_brand&post=3115"},{"taxonomy":"product_cat","embeddable":true,"href":"https:\/\/www.v-art.fr\/index.php?rest_route=%2Fwp%2Fv2%2Fproduct_cat&post=3115"},{"taxonomy":"product_tag","embeddable":true,"href":"https:\/\/www.v-art.fr\/index.php?rest_route=%2Fwp%2Fv2%2Fproduct_tag&post=3115"}],"curies":[{"name":"wp","href":"https:\/\/api.w.org\/{rel}","templated":true}]}}

<figure id="attachment_2803" aria-describedby="caption-attachment-2803" style="width: 2000px" class="wp-caption alignnone"><img loading="lazy" decoding="async" class="wp-image-2803 size-full" src="https://www.v-art.fr/wp-content/uploads/2024/01/Soignants_CP_V❀.jpg" alt="" width="2000" height="1476" srcset="https://www.v-art.fr/wp-content/uploads/2024/01/Soignants_CP_V❀.jpg 2000w, https://www.v-art.fr/wp-content/uploads/2024/01/Soignants_CP_V❀-800x590.jpg 800w, https://www.v-art.fr/wp-content/uploads/2024/01/Soignants_CP_V❀-300x221.jpg 300w, https://www.v-art.fr/wp-content/uploads/2024/01/Soignants_CP_V❀-1024x756.jpg 1024w, https://www.v-art.fr/wp-content/uploads/2024/01/Soignants_CP_V❀-768x567.jpg 768w, https://www.v-art.fr/wp-content/uploads/2024/01/Soignants_CP_V❀-1536x1134.jpg 1536w, https://www.v-art.fr/wp-content/uploads/2024/01/Soignants_CP_V❀-81x60.jpg 81w, https://www.v-art.fr/wp-content/uploads/2024/01/Soignants_CP_V❀-122x90.jpg 122w" sizes="auto, (max-width: 2000px) 100vw, 2000px" /><figcaption id="caption-attachment-2803" class="wp-caption-text">Dessin pour Pierrick LP et Florence B. Collection privée.</figcaption></figure>
<p style="text-align: left;">

<p>Dessin pour Pierrick LP et Florence B. Collection privée. Format 10/15 cm. Impression recto/verso en quadrichromie (couleur) sur papier couché Mat supérieur 350 g/m². Imprimé en France avec du papier issu de forêts gérées durablement (FSC, PEFC).</p>
<h4 style="text-align: center;"><a href="https://www.v-art.fr/?page_id=1117">❀ RETOUR CARTASHOP</a></h4>
